se 3*a - 12 - l = 0. List the prime factors of a.
2, 3
Let z be (24/15)/((-6)/(-30)). What are the prime factors of z/12 + (-224)/(-6)?
2, 19
Let a be -1*(3 - 8/2). Let n(l) = a + 2 + 0 - 1 + 10*l. What are the prime factors of n(2)?
2, 11
Let q(k) = k**3 - 3*k**3 + 0*k**2 + 1 + 2*k + 2*k**2. Let a be q(-1). Suppose -a - 27 = -5*u. What are the prime factors of u?
2, 3
Let j be (3/2)/((-15)/40). What are the prime factors of j/(-26) - (-219)/13?
17
Let m(d) = -60*d. Let n be m(-1). Let j be n/27 + (-4)/18. Suppose -j*v + 39 = v. List the prime factors of v.
13
Let h(w) = -w + 2. Let i be h(2). Suppose i = 2*s - p - 11, s = -5*p + 54 - 21. What are the prime factors of (25/(-20))/((-2)/s)?
5
Let w = -5 + 7. Let a = 2 + -2. Suppose -w*m + a*m = -16. What are the prime factors of m?
2
Let t = 8 - 2. Suppose 5*o = t*o - 15. What are the prime factors of o?
3, 5
Let z = 0 - -5. Let j(s) = -6*s**2 - s**2 + z + 6*s**2. List the prime factors of j(0).
5
Let w = -10 - -12. Suppose w*m - 15 = -m. List the prime factors of m.
5
Suppose 4*x - 14 - 2 = 0. Suppose l - x = 4. Suppose 3*s + l = 7*s. What are the prime factors of s?
2
Let v be ((-4)/5)/((-8)/20). Suppose v*t = 3*t - 2. Suppose 3 = t*b - 13. List the prime factors of b.
2
Suppose 2*v = 6*v - 668. List the prime factors of v.
167
Let g(r) be the first derivative of -4*r**2 + r + 2. Let d = -26 + 25. List the prime factors of g(d).
3
Suppose -8*x + 3*x + 65 = 0. List the prime factors of x.
13
Let x = 164 + 54. What are the prime factors of x?
2, 109
List the prime factors of 6*-9*(-2)/12.
3
Suppose 0 = 4*p - 3*p - 17. List the prime factors of p.
17
Let d(w) = -w + 9. Let k be d(7). Suppose -k*o = 5 - 35. List the prime factors of o.
3, 5
Let z(o) = 3*o**2 - 14*o - 60. List the prime factors of z(13).
5, 53
Suppose 80 = 3*f + 5. What are the prime factors of f?
5
Suppose -3*s = 5*d - 32, -5*s - 5 = 5*d - 55. Suppose 0 = m + 3*g - s - 15, 3*m - g = 72. List the prime factors of m/9 + (-2)/3.
2
Let z(s) = -5*s**3 - 2*s**2 - s. Let r be z(-1). Suppose n + 3 = -r. What are the prime factors of 2/4 - n/2?
2
Let z(t) = -3*t - 9. Let n be z(-5). What are the prime factors of (n - -6)/((-6)/(-8))?
2
Let a(h) be the third derivative of 53*h**4/24 - h**3/2 + 10*h**2. What are the prime factors of a(1)?
2, 5
Let d be 3/6*(3 - -1). Let m(l) = 3*l**3 + 5*l**2 - 5 + 0*l**3 - d*l**3. List the prime factors of m(-4).
11
Let q be 2/(-4)*(4 + -4). Suppose 4*r - 2*t - 74 = q, -2*t + 5*t = 15. List the prime factors of r.
3, 7
Let x(j) = -j**3 + 7*j**2 - 7*j + 8. Let r be x(6). List the prime factors of 16/((-1 - -2)/r).
2
Let l = -129 - -75. Let o be (4/(-6))/(3/l). What are the prime factors of (-80)/(-6) + o/18?
2, 7
Let l(u) = -u**2 + 2*u + 1. Let c be l(-2). Let i be 38/(-14) + 2/c. What are the prime factors of (-3)/9 + (-25)/i?
2
Suppose 0 = -p + m, -p - 4*m = m. Suppose -3*d - 2*d = p. List the prime factors of -1 + d + (8 - -1).
2
Let z(o) = -3*o - 14. Let h(q) = -10*q + 4. Let j be h(3). Let r = 16 + j. What are the prime factors of z(r)?
2
Suppose -g = 4*w - 197, 4*w - 541 = -4*g + 247. List the prime factors of g.
197
Let v(q) = 3*q. Let s be v(1). Suppose -2*m = -s*l - m + 71, l - 19 = 5*m. List the prime factors of (-1 + -13)*l/(-28).
2, 3
Suppose -5*h - d = -105, 0*h - 4*h = -3*d - 84. Let s be (0 - -3) + -2 + 1. Suppose -u = s*u - h. What are the prime factors of u?
7
Let f = 6 - 5. List the prime factors of f + 3/3 - -3.
5
Suppose d + 4*d - 20 = -l, 4 = d + 3*l. Let s(v) = -v**3 + 4*v**2 + 2*v. What are the prime factors of s(d)?
2
Suppose -1 = 4*w - 93. List the prime factors of w.
23
Suppose -3*l - 4*q + 29 = 0, -2*q = 5*l - 0*l - 53. Let p(k) = k**2 - 5*k + 2. Let u be p(5). Suppose -l = -u*g + 1. List the prime factors of g.
2, 3
Let z be 22 + (1 - 2) + 3. List the prime factors of (3 + z - 3)/1.
2, 3
Suppose 4*y = y. Let j = 12 + 0. Let l = j + y. List the prime factors of l.
2, 3
Suppose 5*q - 5 = -5*o, 0 = -3*q + 4*o + 21 - 4. Suppose v - 5*n = 4, 0*v + 2*v - q*n = 8. List the prime factors of v.
2
Let g(i) = 11*i**3 - i**2 - i + 1. Let u(d) = d**3 + 3*d**2 + d + 4. Let o be u(-3). Let p be g(o). Suppose -q + p = -1. List the prime factors of q.
11
Let u be 33/(-5) - 2/5. Let o = -8 + 5. Let f = o - u. What are the prime factors of f?
2
Suppose -5*y + 8*y = 0. Let b(j) = -j + 18 + 0*j + 0*j. List the prime factors of b(y).
2, 3
Let r(t) = t - 9. Let x be r(0). Let a = x + 27. What are the prime factors of a?
2, 3
Let j(c) be the second derivative of -1/2*c**2 - 1/6*c**3 + c + 7/12*c**4 + 0. What are the prime factors of j(-1)?
7
Suppose 0*k - 12 = -3*k. Suppose 2*l + a - 5 = 0, 3*l + a + 10 = k*l. List the prime factors of l.
5
Let l(i) = i + 5*i + 3*i - 21 - 5*i. List the prime factors of l(10).
19
List the prime factors of ((-40)/30)/(2/(-45)).
2, 3, 5
Let u = -34 + 125. List the prime factors of u.
7, 13
Let v = 10 - 6. Suppose v*d = 3*d + 3*q + 6, 0 = -2*d - 3*q - 6. Suppose 5*s + 57 = 3*z, s + d*s = 2*z - 38. What are the prime factors of z?
19
Suppose 12*h - 15*h = -156. List the prime factors of h.
2, 13
Suppose 59 + 213 = 8*l. Let x(k) = -3*k**2 + 3. Let g be x(3). Let r = g + l. What are the prime factors of r?
2, 5
Let z = 16 + -16. Let l be -3 + 0 + (-1 - 0). Let q = z - l. What are the prime factors of q?
2
Suppose -25*l + 1172 = -21*l. List the prime factors of l.
293
Let t(a) be the third derivative of a**5/60 - a**4/24 + 3*a**2. What are the prime factors of t(4)?
2, 3
Let i(d) = d**3 - 7*d**2 - 9*d + 10. Let j be i(8). Suppose -j*y = -4, 5*r - y - 2 = -24. What are the prime factors of (r/12)/((-1)/27)?
3
List the prime factors of (-381)/(-9) + (-2)/6.
2, 3, 7
Let k(t) = -t**3 - 4*t**2 - t + 2. Let o(n) = n + 1. Let l be o(-5). Let f be k(l). Let p(c) = c**2 - 5*c + 7. What are the prime factors of p(f)?
13
Let t(v) = -51*v + 2. Let p(r) = r**3 - 7*r**2 - 8*r - 1. Let m be p(8). List the prime factors of t(m).
53
Suppose 3*v - 5*s - 157 = 0, -4*v + 4*s - 193 = -7*v. Suppose 161 = 2*t - v. List the prime factors of t/8 - (-3)/12.
2, 7
Let t(z) = 17*z. Let l be t(3). Let y = l - 35. List the prime factors of 4/(y/3)*4.
3
Let v(j) = j**3 + j**2 + 2 + 5 + 5*j**2. List the prime factors of v(-5).
2
Suppose 0 = -x + 15 - 2. List the prime factors of x.
13
Let g(i) = 12*i. What are the prime factors of g(2)?
2, 3
List the prime factors of 62*3*(24 - 23).
2, 3, 31
Let j(l) = -l**2 + 1. Let u be j(-1). Suppose 3*h = -3*t + 21, u = -0*h + 2*h - 2. List the prime factors of t.
2, 3
Suppose -3*c = -13 + 1. Suppose 3*b = -c*y + 95, 2*y + 0*b = -b + 49. List the prime factors of y.
2, 13
Let u(h) = -h**3 + 11*h**2 - 6*h + 9. What are the prime factors of u(10)?
7
Let x = -6 - -13. Suppose -l + 4 = -x. What are the prime factors of l?
11
Suppose 2*t + 12 = 5*t. Suppose 6 = -n + 3*u - u, n + 18 = -t*u. Let y = -4 - n. List the prime factors of y.
2, 3
Let o(c) be the first derivative of c**2/2 - 5*c + 2. List the prime factors of o(8).
3
Let t(k) = 95*k - 5. List the prime factors of t(2).
5, 37
Let l(i) = 2*i - 2. Let p be l(2). Suppose 2*v - 3*n = -0*v + 36, 4*v = p*n + 64. Let u = -9 + v. What are the prime factors of u?
2, 3
Suppose 0 = 4*t - 2*c - 6, -3*c = t + 16. Let w = 14 + t. Suppose -4*z = 5 - w. List the prime factors of z.
2
Let t be -5*(-3 + (-2)/(-10)). Let l = 24 + t. What are the prime factors of l?
2, 19
Suppose -2*o + 171 = 5*q - 3*o, -3*o - 105 = -3*q. Let g = q - 18. List the prime factors of g.
2
Suppose 28*q - 26*q - 98 = 0. What are the prime factors of q?
7
Suppose -3*j + 7*j = -u + 37, 2*u + 5*j = 59. Let y = 20 - u. What are the prime factors of y?
3
Let p = -6 + 10. Suppose -4*x + x - 12 = 0. What are the prime factors of (p - 1) + x - -18?
17
Suppose -114 = 4*u - 7*u. List the prime factors of u.
2, 19
Suppose 4*w - 2 = 78. List the prime factors of w.
2, 5
Let t = 0 - 4. Let p be 1*(-5)/(-15)*0. List the prime factors of (p - 2/4)*t.
2
What are the prime factors of (-54)/12*44/(-3)?
2, 3, 11
Suppose -4*w = -5*q + 20, 3*w - q - 2*q = -12. Suppose w*b = -3*b + 54. List the prime factors of b.
2, 3
Suppose 4*u = 3*a - 116, -86 = -3*a - 2*u + 36. List the prime factors of a.
2, 5
Let b be (-399)/15 - (-2)/(-5). Let k = -31 + 69. Let m = b + k. What are the prim